{"id":26275,"date":"2025-02-21T14:21:39","date_gmt":"2025-02-21T19:21:39","guid":{"rendered":"https:\/\/tienda2.actualizandome.com\/?post_type=product&#038;p=26275"},"modified":"2026-01-28T10:30:28","modified_gmt":"2026-01-28T16:30:28","slug":"archivo-diot-2025-carga-batch-actualizandome-com","status":"publish","type":"product","link":"https:\/\/tienda2.actualizandome.com\/?product=archivo-diot-2025-carga-batch-actualizandome-com","title":{"rendered":"Archivo DIOT 2026 carga BATCH actualizandome.com &#8211; Incluye DIOT 2025 a\u00f1os anteriores"},"content":{"rendered":"","protected":false},"excerpt":{"rendered":"<p><strong>Incluye DIOT 2025 a\u00f1os anteriores y la versi\u00f3n 2026<\/strong><\/p>\n<p>ver:2.0.5.0 fecha: 11-03-25 :<\/p>\n<p class=\"p1\">Se a\u00f1adi\u00f3 la pesta\u00f1a DEM19 para generar el archivo TXT para programa DIOT<\/p>\n<p>ver:1.0.7.1 fecha: 1-03-25<\/p>\n<p class=\"p1\"><strong>Por el momento estamos liberando exclusivamente para actos y actividades gravadas<span class=\"Apple-converted-space\">\u00a0<\/span><\/strong><\/p>\n<p class=\"p1\"><strong>actualizaci\u00f3n por un 1a\u00f1o<\/strong> Multi empresas licencia para 1 m\u00e1quina<span class=\"Apple-converted-space\">\u00a0<\/span><\/p>\n<p><span style=\"color: #3366ff;\"><strong>Precio $116 Para Suscriptores CTI solicitar a atencion@actualizandome.com<\/strong><\/span><\/p>\n<p><strong>Dudas escribir a gerardo@actualizandome.com o al whatsapp : 229 308 0140 (Solo whatsapp) en horarios de 11:00 a 18:00 hrs centro de MX<\/strong><\/p>\n<p class=\"p3\"><b>Principales Cambios en la generaci\u00f3n del TXT<\/b><\/p>\n<p class=\"p1\"><b>Mayor n\u00famero de campos<\/b><br \/>\nEl nuevo formato ahora\u00a0<b>requiere 54 campos<\/b>, en comparaci\u00f3n con los 25 del formato anterior.<\/p>\n<ul class=\"ul1\">\n<li class=\"li1\">El archivo es multi-Empresa<span class=\"Apple-converted-space\">\u00a0<\/span><\/li>\n<li class=\"li1\">Estaremos atento a su retroalimentaci\u00f3n para cualquier detalle que detecten o bien mejora que consideren pertinentes<span class=\"Apple-converted-space\">\u00a0<\/span><\/li>\n<li class=\"li1\"><b>Funciona en Office 2013 y superiores.<\/b><\/li>\n<li class=\"li1\">Comprobado con windows , no corre en otros sistemas operativos distintos a windows<span class=\"Apple-converted-space\">\u00a0<\/span><\/li>\n<li class=\"li1\">Estaremos liberando mayores funcionalidades antes operaciones con extranjeros y actividades exentas as\u00ed como no objeto<\/li>\n<\/ul>\n<p><a href=\"https:\/\/tienda.actualizandome.com\/wp-content\/uploads\/2025\/02\/Captura.png\"><img loading=\"lazy\" decoding=\"async\" class=\"aligncenter size-full wp-image-59330\" src=\"https:\/\/tienda.actualizandome.com\/wp-content\/uploads\/2025\/02\/Captura.png\" alt=\"\" width=\"930\" height=\"472\" \/><\/a><\/p>\n<p><a href=\"https:\/\/tienda.actualizandome.com\/wp-content\/uploads\/2025\/02\/WhatsApp-Image-2025-02-13-at-12.20.04.jpeg\"><img loading=\"lazy\" decoding=\"async\" class=\"aligncenter size-full wp-image-59331\" src=\"https:\/\/tienda.actualizandome.com\/wp-content\/uploads\/2025\/02\/WhatsApp-Image-2025-02-13-at-12.20.04.jpeg\" alt=\"\" width=\"624\" height=\"471\" \/><\/a><a href=\"https:\/\/tienda.actualizandome.com\/wp-content\/uploads\/2025\/02\/WhatsApp-Image-2025-02-13-at-12.21.40-1.jpeg\"><img loading=\"lazy\" decoding=\"async\" class=\"aligncenter size-full wp-image-59332\" src=\"https:\/\/tienda.actualizandome.com\/wp-content\/uploads\/2025\/02\/WhatsApp-Image-2025-02-13-at-12.21.40-1.jpeg\" alt=\"\" width=\"1155\" height=\"419\" \/><\/a><a href=\"https:\/\/tienda.actualizandome.com\/wp-content\/uploads\/2025\/02\/WhatsApp-Image-2025-02-13-at-12.21.59-1.jpeg\"><img loading=\"lazy\" decoding=\"async\" class=\"aligncenter size-full wp-image-59334\" src=\"https:\/\/tienda.actualizandome.com\/wp-content\/uploads\/2025\/02\/WhatsApp-Image-2025-02-13-at-12.21.59-1.jpeg\" alt=\"\" width=\"675\" height=\"467\" \/><\/a><a href=\"https:\/\/tienda.actualizandome.com\/wp-content\/uploads\/2025\/02\/WhatsApp-Image-2025-02-13-at-16.45.00.jpeg\"><img loading=\"lazy\" decoding=\"async\" class=\"aligncenter size-full wp-image-59336\" src=\"https:\/\/tienda.actualizandome.com\/wp-content\/uploads\/2025\/02\/WhatsApp-Image-2025-02-13-at-16.45.00.jpeg\" alt=\"\" width=\"1165\" height=\"491\" \/><\/a><a href=\"https:\/\/tienda.actualizandome.com\/wp-content\/uploads\/2025\/02\/WhatsApp-Image-2025-02-13-at-16.51.49.jpeg\"><img loading=\"lazy\" decoding=\"async\" class=\"aligncenter size-full wp-image-59337\" src=\"https:\/\/tienda.actualizandome.com\/wp-content\/uploads\/2025\/02\/WhatsApp-Image-2025-02-13-at-16.51.49.jpeg\" alt=\"\" width=\"1280\" height=\"541\" \/><\/a><a href=\"https:\/\/tienda.actualizandome.com\/wp-content\/uploads\/2025\/02\/WhatsApp-Image-2025-02-13-at-16.52.14.jpeg\"><img loading=\"lazy\" decoding=\"async\" class=\"aligncenter size-full wp-image-59339\" src=\"https:\/\/tienda.actualizandome.com\/wp-content\/uploads\/2025\/02\/WhatsApp-Image-2025-02-13-at-16.52.14.jpeg\" alt=\"\" width=\"1280\" height=\"533\" \/><\/a><a href=\"https:\/\/tienda.actualizandome.com\/wp-content\/uploads\/2025\/02\/WhatsApp-Image-2025-02-13-at-16.52.32.jpeg\"><img loading=\"lazy\" decoding=\"async\" class=\"aligncenter size-full wp-image-59340\" src=\"https:\/\/tienda.actualizandome.com\/wp-content\/uploads\/2025\/02\/WhatsApp-Image-2025-02-13-at-16.52.32.jpeg\" alt=\"\" width=\"1280\" height=\"532\" \/><\/a><a href=\"https:\/\/tienda.actualizandome.com\/wp-content\/uploads\/2025\/02\/WhatsApp-Image-2025-02-13-at-16.54.31.jpeg\"><img loading=\"lazy\" decoding=\"async\" class=\"aligncenter size-full wp-image-59342\" src=\"https:\/\/tienda.actualizandome.com\/wp-content\/uploads\/2025\/02\/WhatsApp-Image-2025-02-13-at-16.54.31.jpeg\" alt=\"\" width=\"1280\" height=\"526\" \/><\/a><\/p>\n","protected":false},"featured_media":27818,"template":"","meta":[],"product_brand":[],"product_cat":[31],"product_tag":[],"class_list":{"0":"post-26275","1":"product","2":"type-product","3":"status-publish","4":"has-post-thumbnail","6":"product_cat-sin-categoria","8":"first","9":"instock","10":"downloadable","11":"virtual","12":"purchasable","13":"product-type-simple"},"_links":{"self":[{"href":"https:\/\/tienda2.actualizandome.com\/index.php?rest_route=\/wp\/v2\/product\/26275","targetHints":{"allow":["GET"]}}],"collection":[{"href":"https:\/\/tienda2.actualizandome.com\/index.php?rest_route=\/wp\/v2\/product"}],"about":[{"href":"https:\/\/tienda2.actualizandome.com\/index.php?rest_route=\/wp\/v2\/types\/product"}],"wp:featuredmedia":[{"embeddable":true,"href":"https:\/\/tienda2.actualizandome.com\/index.php?rest_route=\/wp\/v2\/media\/27818"}],"wp:attachment":[{"href":"https:\/\/tienda2.actualizandome.com\/index.php?rest_route=%2Fwp%2Fv2%2Fmedia&parent=26275"}],"wp:term":[{"taxonomy":"product_brand","embeddable":true,"href":"https:\/\/tienda2.actualizandome.com\/index.php?rest_route=%2Fwp%2Fv2%2Fproduct_brand&post=26275"},{"taxonomy":"product_cat","embeddable":true,"href":"https:\/\/tienda2.actualizandome.com\/index.php?rest_route=%2Fwp%2Fv2%2Fproduct_cat&post=26275"},{"taxonomy":"product_tag","embeddable":true,"href":"https:\/\/tienda2.actualizandome.com\/index.php?rest_route=%2Fwp%2Fv2%2Fproduct_tag&post=26275"}],"curies":[{"name":"wp","href":"https:\/\/api.w.org\/{rel}","templated":true}]}}